
39
What is the greatest common factor of 330 and 30?
30
What is the greatest common divisor of 112 and 48?
16
Calculate the highest common factor of 884 and 52.
52
Calculate the greatest common divisor of 41 and 451.
41
Calculate the highest common divisor of 59 and 10738.
59
What is the greatest common factor of 1 and 25?
1
Calculate the greatest common factor of 22 and 3377.
11
What is the greatest common divisor of 4753 and 194?
97
Calculate the greatest common factor of 18312 and 504.
168
What is the greatest common divisor of 54 and 2358?
18
Calculate the greatest common divisor of 1426 and 920.
46
What is the greatest common divisor of 66 and 352?
22
What is the greatest common factor of 836 and 264?
44
Calculate the highest common factor of 78 and 1066.
26
What is the greatest common factor of 110 and 440?
110
Calculate the greatest common divisor of 1168 and 16.
16
What is the greatest common factor of 11308 and 44?
44
What is the highest common divisor of 34 and 8?
2
Calculate the greatest common factor of 42 and 24.
6
Calculate the highest common divisor of 500 and 140.
20
What is the greatest common factor of 256 and 6?
2
Calculate the highest common factor of 16 and 36368.
16
Calculate the highest common divisor of 48 and 258.
6
What is the greatest common factor of 18470 and 10?
10
Calculate the greatest common divisor of 356 and 2225.
89
Calculate the greatest common factor of 320 and 200.
40
Calculate the highest common divisor of 14 and 7882.
14
What is the greatest common factor of 100 and 12?
4
Calculate the greatest common divisor of 3 and 823.
1
Calculate the highest common factor of 432 and 96.
48
Calculate the highest common factor of 2795 and 129.
43
What is the highest common divisor of 13 and 43888?
13
What is the greatest common factor of 13 and 936?
13
What is the greatest common factor of 117 and 5343?
39
Calculate the highest common factor of 5960 and 200.
40
What is the greatest common divisor of 176 and 132?
44
Calculate the highest common factor of 10490 and 130.
10
What is the highest common factor of 7 and 7?
7
What is the greatest common divisor of 40 and 540?
20
What is the greatest common divisor of 190 and 1520?
190
Calculate the greatest common divisor of 27 and 189.
27
What is the greatest common divisor of 1026 and 54?
54
What is the highest common divisor of 16 and 11888?
16
Calculate the highest common factor of 175 and 2150.
25
What is the highest common divisor of 456 and 228?
228
Calculate the highest common factor of 31962 and 84.
42
Calculate the highest common divisor of 2205 and 15.
15
What is the highest common factor of 5650 and 150?
50
What is the greatest common factor of 64 and 928?
32
What is the highest common divisor of 364 and 28?
28
What is the greatest common divisor of 84 and 448?
28
Calculate the greatest common divisor of 147 and 11361.
21
What is the highest common divisor of 140 and 105?
35
Calculate the greatest common factor of 485 and 48985.
485
Calculate the greatest common factor of 828 and 72.
36
What is the highest common divisor of 46 and 851?
23
Calculate the greatest common factor of 495 and 10098.
99
Calculate the greatest common factor of 5 and 1165.
5
Calculate the greatest common factor of 962 and 104.
26
What is the greatest common divisor of 2460 and 4?
4
What is the greatest common factor of 2682 and 18?
18
Calculate the highest common factor of 52 and 12.
4
Calculate the greatest common divisor of 100 and 775.
25
Calculate the highest common divisor of 7 and 1631.
7
Calculate the highest common divisor of 12 and 4.
4
What is the greatest common divisor of 233 and 17941?
233
Calculate the greatest common divisor of 420 and 30.
30
Calculate the greatest common factor of 4 and 56.
4
What is the greatest common factor of 34 and 8?
2
What is the highest common factor of 352 and 288?
32
What is the greatest common divisor of 26 and 39?
13
What is the highest common divisor of 234 and 7020?
234
Calculate the greatest common divisor of 30 and 3140.
10
What is the highest common divisor of 105 and 480?
15
Calculate the highest common divisor of 1912 and 8.
8
Calculate the greatest common factor of 19 and 75373.
19
What is the highest common factor of 52219 and 79?
79
Calculate the greatest common factor of 2401 and 7.
7
Calculate the greatest common factor of 2431 and 208.
13
What is the highest common factor of 7 and 161?
7
Calculate the greatest common divisor of 21 and 134001.
21
Calculate the highest common factor of 25863 and 111.
111
What is the greatest common divisor of 121 and 44?
11
What is the greatest common divisor of 36 and 12222?
18
What is the highest common divisor of 21 and 1344?
21
Calculate the greatest common factor of 299 and 23.
23
What is the highest common factor of 504 and 1680?
168
What is the highest common divisor of 3525 and 1645?
235
What is the highest common divisor of 368 and 16?
16
What is the highest common factor of 95 and 35?
5
What is the greatest common factor of 1022 and 14?
14
What is the greatest common divisor of 29 and 116?
29
What is the greatest common factor of 232 and 29?
29
What is the highest common divisor of 147 and 1631?
7
What is the greatest common divisor of 17 and 289?
17
Calculate the highest common divisor of 110 and 110.
110
Calculate the highest common divisor of 680 and 160.
40
Calculate the greatest common divisor of 12 and 20.
4
Calculate the greatest common factor of 12 and 630.
6
Calculate the greatest common factor of 943 and 1025.
41
What is the greatest common factor of 13566 and 171?
57
Calculate the greatest common factor of 12 and 108.
12
What is the highest common factor of 1215 and 60?
15
Calculate the greatest common divisor of 111 and 1147.
37
Calculate the greatest common divisor of 207 and 713.
23
Calculate the greatest common factor of 80 and 5.
5
What is the greatest common divisor of 180 and 300?
60
Calculate the greatest common factor of 68 and 28.
4
What is the greatest common divisor of 33 and 231?
33
What is the highest common factor of 15 and 1497?
3
What is the highest common factor of 140 and 7238?
14
What is the greatest common divisor of 58 and 1363?
29
What is the greatest common factor of 88 and 1078?
22
What is the highest common divisor of 2 and 66?
2
Calculate the highest common divisor of 97 and 1552.
97
What is the highest common divisor of 408 and 20?
4
What is the greatest common factor of 12110 and 20?
10
What is the greatest common divisor of 8 and 1868?
4
What is the greatest common factor of 56 and 4354?
14
Calculate the greatest common divisor of 55 and 145.
5
What is the greatest common divisor of 81 and 15?
3
Calculate the highest common divisor of 273 and 21.
21
What is the greatest common factor of 476 and 170?
34
What is the greatest common factor of 60 and 340?
20
Calculate the greatest common divisor of 783 and 29.
29
Calculate the greatest common divisor of 1910 and 370.
10
What is the greatest common factor of 75 and 800?
25
What is the greatest common divisor of 84 and 1708?
28
Calculate the highest common divisor of 192 and 64.
64
Calculate the greatest common divisor of 5075 and 261.
29
Calculate the highest common factor of 7 and 3066.
7
What is the greatest common factor of 288 and 12?
12
Calculate the highest common factor of 2743 and 13.
13
What is the greatest common factor of 1595 and 145?
145
What is the greatest common divisor of 7275 and 75?
75
What is the greatest common divisor of 135 and 90?
45
What is the greatest common divisor of 780 and 36?
12
What is the highest common divisor of 730 and 10?
10
Calculate the greatest common divisor of 45 and 9.
9
Calculate the greatest common divisor of 57 and 45.
3
What is the highest common divisor of 2505 and 75?
15
What is the greatest common factor of 600 and 24?
24
What is the greatest common divisor of 693 and 154?
77
What is the highest common factor of 30 and 405?
15
What is the greatest common divisor of 105 and 345?
15
Calculate the highest common factor of 6097 and 91.
91
What is the greatest common factor of 193 and 579?
193
What is the greatest common divisor of 104 and 64?
8
What is the highest common factor of 110 and 66?
22
Calculate the greatest common divisor of 63 and 581.
7
Calc